
3
What is the remainder when 117 is divided by 33?
18
Calculate the remainder when 2260 is divided by 55.
5
Calculate the remainder when 2096 is divided by 417.
11
Calculate the remainder when 1133 is divided by 42.
41
Calculate the remainder when 142 is divided by 45.
7
Calculate the remainder when 356 is divided by 91.
83
What is the remainder when 745 is divided by 17?
14
Calculate the remainder when 197 is divided by 4.
1
What is the remainder when 5678 is divided by 16?
14
Calculate the remainder when 1959 is divided by 9.
6
What is the remainder when 435 is divided by 391?
44
What is the remainder when 318 is divided by 12?
6
What is the remainder when 103 is divided by 74?
29
Calculate the remainder when 457 is divided by 127.
76
Calculate the remainder when 5427 is divided by 59.
58
Calculate the remainder when 148 is divided by 7.
1
Calculate the remainder when 382 is divided by 114.
40
Calculate the remainder when 10410 is divided by 137.
135
Calculate the remainder when 8929 is divided by 190.
189
Calculate the remainder when 107 is divided by 40.
27
Calculate the remainder when 131 is divided by 23.
16
Calculate the remainder when 13274 is divided by 187.
184
Calculate the remainder when 957 is divided by 80.
77
Calculate the remainder when 351 is divided by 41.
23
Calculate the remainder when 171 is divided by 38.
19
What is the remainder when 71 is divided by 12?
11
Calculate the remainder when 259 is divided by 88.
83
What is the remainder when 61 is divided by 3?
1
Calculate the remainder when 2235 is divided by 187.
178
What is the remainder when 1429 is divided by 714?
1
Calculate the remainder when 138 is divided by 13.
8
What is the remainder when 4873 is divided by 35?
8
Calculate the remainder when 2239 is divided by 28.
27
What is the remainder when 33 is divided by 12?
9
Calculate the remainder when 261 is divided by 188.
73
Calculate the remainder when 257 is divided by 62.
9
What is the remainder when 406 is divided by 20?
6
Calculate the remainder when 781 is divided by 192.
13
What is the remainder when 349 is divided by 70?
69
What is the remainder when 440 is divided by 126?
62
What is the remainder when 412 is divided by 21?
13
Calculate the remainder when 1000 is divided by 54.
28
What is the remainder when 81 is divided by 31?
19
Calculate the remainder when 33787 is divided by 109.
106
Calculate the remainder when 1549 is divided by 62.
61
Calculate the remainder when 391 is divided by 373.
18
Calculate the remainder when 574 is divided by 22.
2
Calculate the remainder when 972 is divided by 13.
10
Calculate the remainder when 9018 is divided by 16.
10
What is the remainder when 4029 is divided by 19?
1
Calculate the remainder when 523 is divided by 261.
1
What is the remainder when 181 is divided by 79?
23
What is the remainder when 125 is divided by 25?
0
What is the remainder when 1206 is divided by 53?
40
Calculate the remainder when 731 is divided by 23.
18
What is the remainder when 4899 is divided by 19?
16
What is the remainder when 545 is divided by 248?
49
What is the remainder when 113 is divided by 38?
37
What is the remainder when 8495 is divided by 118?
117
What is the remainder when 84 is divided by 13?
6
Calculate the remainder when 146 is divided by 8.
2
Calculate the remainder when 28720 is divided by 19.
11
What is the remainder when 167 is divided by 85?
82
Calculate the remainder when 146 is divided by 51.
44
Calculate the remainder when 2988 is divided by 1488.
12
Calculate the remainder when 306 is divided by 93.
27
What is the remainder when 653 is divided by 33?
26
What is the remainder when 95 is divided by 12?
11
What is the remainder when 316 is divided by 54?
46
What is the remainder when 2143 is divided by 15?
13
What is the remainder when 4703 is divided by 17?
11
Calculate the remainder when 472 is divided by 18.
4
Calculate the remainder when 119 is divided by 24.
23
Calculate the remainder when 199 is divided by 62.
13
What is the remainder when 403 is divided by 82?
75
Calculate the remainder when 93 is divided by 45.
3
What is the remainder when 4731 is divided by 169?
168
Calculate the remainder when 897 is divided by 20.
17
Calculate the remainder when 575 is divided by 359.
216
What is the remainder when 27 is divided by 9?
0
Calculate the remainder when 13265 is divided by 201.
200
What is the remainder when 2473 is divided by 99?
97
Calculate the remainder when 61 is divided by 17.
10
What is the remainder when 30 is divided by 8?
6
Calculate the remainder when 1034 is divided by 61.
58
What is the remainder when 534 is divided by 7?
2
What is the remainder when 7386 is divided by 145?
136
What is the remainder when 798 is divided by 9?
6
Calculate the remainder when 197 is divided by 50.
47
Calculate the remainder when 250 is divided by 15.
10
What is the remainder when 206 is divided by 78?
50
What is the remainder when 1378 is divided by 23?
21
What is the remainder when 18918 is divided by 357?
354
What is the remainder when 232 is divided by 25?
7
Calculate the remainder when 128 is divided by 16.
0
What is the remainder when 104 is divided by 7?
6
What is the remainder when 184 is divided by 97?
87
Calculate the remainder when 25715 is divided by 14.
11
What is the remainder when 245 is divided by 13?
11
Calculate the remainder when 250 is divided by 42.
40
Calculate the remainder when 88 is divided by 47.
41
What is the remainder when 127 is divided by 12?
7
What is the remainder when 38 is divided by 24?
14
Calculate the remainder when 110 is divided by 56.
54
What is the remainder when 161 is divided by 80?
1
What is the remainder when 752 is divided by 26?
24
Calculate the remainder when 581 is divided by 39.
35
Calculate the remainder when 2280 is divided by 209.
190
What is the remainder when 135 is divided by 121?
14
Calculate the remainder when 73 is divided by 43.
30
Calculate the remainder when 115 is divided by 33.
16
What is the remainder when 9877 is divided by 247?
244
Calculate the remainder when 48041 is divided by 18.
17
What is the remainder when 145 is divided by 99?
46
What is the remainder when 3322 is divided by 819?
46
Calculate the remainder when 365 is divided by 36.
5
What is the remainder when 84 is divided by 38?
8
Calculate the remainder when 33 is divided by 9.
6
Calculate the remainder when 856 is divided by 32.
24
What is the remainder when 125 is divided by 38?
11
Calculate the remainder when 439 is divided by 9.
7
Calculate the remainder when 1533 is divided by 13.
12
What is the remainder when 177 is divided by 12?
9
What is the remainder when 207 is divided by 7?
4
Calculate the remainder when 1179 is divided by 154.
101
Calculate the remainder when 64 is divided by 52.
12
What is the remainder when 3393 is divided by 848?
1
Calculate the remainder when 83 is divided by 10.
3
Calculate the remainder when 806 is divided by 104.
78
Calculate the remainder when 1463 is divided by 433.
164
Calculate the remainder when 13746 is divided by 55.
51
Calculate the remainder when 33 is divided by 3.
0
What is the remainder when 148 is divided by 9?
4
Calculate the remainder when 114 is divided by 36.
6
Calculate the remainder when 179 is divided by 26.
23
What is the remainder when 181 is divided by 26?
25
What is the remainder when 1303 is divided by 23?
15
Calculate the remainder when 323 is divided by 18.
17
What is the remainder when 1340 is divided by 192?
188
What is the remainder when 246 is divided by 25?
21
What is the remainder when 155 is divided by 43?
26
Calculate the remainder when 61 is divided by 7.
5
What is the remainder when 57 is divided by 20?
17
Calculate the remainder when 513 is divided by 123.
21
Calculate the remainder when 5651 is divided by 11.
8
Calculate the remainder when 1065 is divided by 17.
11
Calculate the remainder when 40 is divided by 15.
10
Calculate the remainder when 51 is divided by 11.
7
Calculate the remainder when 1307 is divided by 327.
326
What is the remainder when 166 is divided by 6?
4
Calculate the remainder when 1298 is divided by 638.
22
Calculate the remainder when 701 is divided by 13.
12
Calculate the remainder when 5130 is divided by 13.
8
What is the remainder when 635 is div